late the remainder when 40 is divided by t(25).
4
Let u = -157 + 1690. What is the remainder when u is divided by 144?
93
Let c(a) = a**2 + 5*a + 9. Let b be c(6). Suppose -3*y + 219 - b = 0. Calculate the remainder when 285 is divided by y.
45
Let n(m) = 114*m + 125. Let d be n(5). Suppose -3*o + 461 = -2*r - d, 5*o = -r + 1918. What is the remainder when o is divided by 43?
40
Suppose -9*a + 33520 = 31*a. What is the remainder when a is divided by 121?
112
What is the remainder when 12 is divided by 1*(7 - 0/(-1))?
5
Suppose -8*j + 285 = -3*j. Suppose -r + 4*m = -20, 5*r = 4*m + 4 + 32. What is the remainder when j is divided by r?
1
Suppose 0 = 3*b + 4*u - 135, 2*b - 61 - 19 = -u. What is the remainder when 331 is divided by b?
35
Let y = -335 - -286. Let q = 60 + y. What is the remainder when q is divided by 9?
2
Suppose t = -140 + 164. Suppose -70 = 6*o - 11*o. Calculate the remainder when t is divided by o.
10
Calculate the remainder when 139857/77 - 72/504 - (-4)/(-22) is divided by 91.
87
Let r = -56 + 57. What is the remainder when (-531)/(-3) - (4/r + -6) is divided by 30?
29
Let p be 8 - ((-180)/50 + 4/(-10)). Suppose p*v - 10*v = 140. Calculate the remainder when v is divided by 12.
10
Let u(o) = -2*o**2 - 22*o - 29. Calculate the remainder when 29 is divided by u(-9).
1
Let n(f) = -f**2 - 15*f + 30. Let m be n(2). What is the remainder when 73 is divided by m*(43/(-14) - 24/(-42))?
3
Let o = -5 - -32. Suppose -2*t - k = -10, t - 9*t + 28 = 2*k. Calculate the remainder when o is divided by t.
1
Suppose -3*r + 2*o = -56, 62 = 3*r + 16*o - 15*o. Calculate the remainder when 43 is divided by 1/((-8)/r)*270/(-25).
16
Suppose -5*l - 223 = -4*o - 21, -3*o + l + 146 = 0. Suppose o = -5*b + 338. Let w = 17 - 2. Calculate the remainder when b is divided by w.
13
Let g(r) be the third derivative of -r**6/120 - r**5/20 + r**3/3 - 37*r**2. Calculate the remainder when 9 is divided by g(-3).
1
Let n(z) = -z**2 + 10*z - 7. Let k be n(24). Let q = k + 525. What is the remainder when q is divided by 39?
26
Let m = -6548 - -6565. Suppose l = -2*l + 1671. Calculate the remainder when l is divided by m.
13
Suppose 36 = 29*b - 23*b. Suppose -b*i = -16*i + 60. What is the remainder when 346 is divided by i?
4
Suppose 0 = 3*g - 9 - 33. Suppose g*k = 7*k + 154. What is the remainder when 40 is divided by k?
18
Suppose -2*w + 51 + 37 = 0. Suppose -7*n + 6*n + 190 = -4*j, n + 3*j = 155. What is the remainder when n is divided by w?
38
Suppose -k - 3 = -13. Suppose -5*r = -5*o - 254 - 246, -2*r = -3*o - 205. Calculate the remainder when r is divided by k.
5
Calculate the remainder when 471 is divided by (2/(-8))/((-27)/5724).
47
Let v = 12933 - 12900. What is the remainder when 2539 is divided by v?
31
Let a = 9395 + -9074. What is the remainder when a is divided by 33?
24
Let v(p) = -p + 12. Let o(k) = -2*k**2 + 11*k - 27. Let j be o(8). Let z = j - -114. What is the remainder when z is divided by v(-12)?
23
Let k be (28 - 6/3) + -4. Let p = -43 + k. Let c = p + 57. Calculate the remainder when c is divided by 8.
4
Let v(q) = 2*q + 39. Let o be v(-6). Suppose 0 = -7*n + 2*n + 4*r + 57, 2*n - o = 3*r. Calculate the remainder when 25 is divided by (14/(-1))/((-6)/n*3).
4
Suppose 0 = -139*d - 6982 + 36311. Calculate the remainder when 693 is divided by d.
60
Let s(g) = 56*g - 2324. Calculate the remainder when s(50) is divided by 223.
30
Let b = -177 - -4. Let o = -114 - b. Calculate the remainder when 112 is divided by o.
53
Calculate the remainder when 135 is divided by ((1360/(-30))/34)/((-2)/57).
21
What is the remainder when ((-801)/18 - -7)*(-90)/25 is divided by (-3)/(-6)*(1 + 11)?
3
Suppose -4*c - 36 = -56. Suppose 0 = -c*x + 4*v - 9 + 46, 4*v + 17 = x. Let r(j) = j**2 - 2*j - 3. Calculate the remainder when 92 is divided by r(x).
8
Let d = -1945 - -2103. What is the remainder when 546 is divided by d?
72
Let p(m) = 3*m + 2. Let h(a) = 3*a + 7. Let i(g) = 2*g + 5. Let z(o) = -5*h(o) + 8*i(o). What is the remainder when z(18) is divided by p(2)?
7
Suppose -4*n - 2*v = -0*v, 12 = -3*v. Suppose 3*f - 3*x + n*x - 15 = 0, f = 4*x + 16. Let o = -399 - -414. What is the remainder when o is divided by f?
3
Suppose 31 = 10*h - 23 - 4156. What is the remainder when h is divided by 40?
21
Suppose 17*a + 1082 = 5791. Let u = a + -275. Calculate the remainder when 8 is divided by u.
0
What is the remainder when 2*(-15 - (-364)/4 - (-1)/(-2)) is divided by 37?
3
What is the remainder when 23831 is divided by 5/(((-2650)/(-40))/53)?
3
Calculate the remainder when (-222)/(-5) - 4/10 is divided by 807/(-3497) - 422/(-26).
12
Let r = -448 + 862. Let o = -125 + r. What is the remainder when o is divided by 98?
93
Let p(b) = -96 + 24 + 31 + 27 + 2*b. What is the remainder when 166 is divided by p(12)?
6
Let j be (-5)/2*126/7. Let k = j - -121. Calculate the remainder when k is divided by (192/(-30))/((-14)/35).
12
Let r = 3 + -3. Suppose 0*s - 2*s + 80 = r. Let h = 564 + -486. What is the remainder when h is divided by s?
38
Let j(b) = -52*b + 726. Calculate the remainder when j(-6) is divided by 177.
153
Let m(t) = 5*t**2 - 10*t + 0*t - 3*t**2 - 1 + 4*t. Calculate the remainder when m(-7) is divided by (0 - (0 + -3))*455/39.
34
Let n(l) = l**2 + 570*l - 2288. Let b be n(4). Let w = -1 - -2. Suppose w = t - b. What is the remainder when 16 is divided by t?
7
Let b(d) be the third derivative of d**5/15 + d**4/8 + 5*d**3/3 - 4*d**2 + 9*d. What is the remainder when b(5) is divided by 42?
41
Suppose 33 = -0*b + 3*b. Suppose 13*l - 6*l = 42. Suppose -9*f + 8*f + l = 0. What is the remainder when b is divided by f?
5
Let t be 3*(-3)/(-6) + 14/28. Suppose 5*y - t*u = -7*u + 490, 204 = 2*y - 2*u. Let k(p) = -4*p - 13. What is the remainder when y is divided by k(-7)?
10
What is the remainder when 235/((-77)/22 - (-1)/((-6)/(-23))) is divided by 12?
9
Let d = 2174 + -5546. Suppose 5 = f - 15. What is the remainder when d/(-30) + 12/f is divided by 23?
21
Suppose -244 = -3*a + a. Let d = 460 - 124. Suppose -6*s = 2*s - d. What is the remainder when a is divided by s?
38
Suppose 10 = -3*i + i, 0 = j + 4*i + 17. Suppose 0 = j*n - 6. What is the remainder when (24/(-3))/(-8) + -1 + 10 is divided by n?
0
Let m = 5845 + -5829. What is the remainder when -2*6/(-8) - 125/(-2) is divided by m?
0
Let a = 796319 - 796254. Let k(v) = v**3 + 6*v**2 - 5*v - 8. Calculate the remainder when a is divided by k(-6).
21
Let f = -352 - -360. What is the remainder when 578 is divided by f?
2
Let v = 197 - 239. Let l = -36 - v. What is the remainder when 25 is divided by l?
1
Let y be (-5)/(-10)*4 + 0. Let x = 10 + -6. Suppose 150 = x*v + y*v. Calculate the remainder when 123 is divided by v.
23
What is the remainder when 1054 is divided by 11*(6 + (9 - 11) - 1)?
31
Let u(d) = -d**3 + 14*d**2 - 17*d + 75. Calculate the remainder when 0 + -15*(-9)/1 is divided by u(13).
20
Let a(y) = -10*y - 228. Let i be a(-23). Suppose 0 = i*f - 2*d - 10, 9*d - 4 = 11*d. Calculate the remainder when 34 is divided by f.
1
Let d(f) = -13*f**3 - 37*f**2 - 195*f + 28. Calculate the remainder when d(-5) is divided by 24.
23
What is the remainder when 564 is divided by (-122)/(-732) - (-9789)/18?
20
Suppose -3*j - 2*j = 0. Suppose j = -4*p - 4*k + 36, -4*k + 6 = 2*p - 12. Suppose 223*z = 5871 + 15537. Calculate the remainder when z is divided by p.
6
Let g = -39 + 44. Suppose -2 = g*h - y, -4*h + 6 = 5*y - 4. Suppose h = 7*z - 8*z + 16. Calculate the remainder when 55 is divided by z.
7
Let c(r) = -7*r - 17. Let i be c(10). Calculate the remainder when (2 + -4)/(-2) - (i + -3) is divided by 30.
1
Suppose -v = -3, 0 = -4*s - 15*v + 18*v + 12047. What is the remainder when s is divided by 216?
206
Suppose -4 - 1 = 5*v. Let n(z) = 7*z - 58. What is the remainder when n(16) is divided by 17 + (-1)/v*3?
14
Let r be (0 - 2 - -142) + -20 + 16. Suppose 0 = 4*j - 77 - 39. Suppose -3*u + 5*i + r - 5 = 0, u + 2*i = j. What is the remainder when u is divided by 10?
7
Let a = 28 + 4. Let u = 44 - a. Suppose 10*g + 2 = u*g. What is the remainder when g is divided by 1?
0
Let k(c) = c**3 - 6*c**2 + 8*c + 5. Suppose 0 = -5*n + j + 266, 3*n - 4*j = -0*n + 146. Calculate the remainder when n is divided by k(2).
4
What is the remainder 